41*l - 150. Give i(-2).
-260
Let m(s) = 2*s**2 - 20927*s - 167565. What is m(-8)?
-21
Let w(v) = -17*v**2 + 201*v - 73. Calculate w(12).
-109
Let u(a) = 48956*a + 244782. Determine u(-5).
2
Let z(w) = 77229*w + 386151. Calculate z(-5).
6
Let w(k) = -825958*k - 3303829. Calculate w(-4).
3
Let w(s) = -163*s + 35084. What is w(204)?
1832
Let z(k) = -4*k**3 + 291*k**2 - 489*k - 574. Determine z(71).
-6
Let o(i) = 1383*i - 23507. What is o(17)?
4
Let v(p) = 3*p**3 + 4*p**2 + p + 165. Calculate v(-8).
-1123
Let r(x) = 60*x**2 + 23063*x + 9205. What is r(-384)?
373
Let x(w) = w**2 - 280*w + 6879. Give x(27).
48
Let u(r) = 236228*r - 708655. Calculate u(3).
29
Let r(s) = -2*s**2 - 8183*s - 420363. What is r(-52)?
-255
Let v(o) = 84*o**2 + 17804*o - 1493. Give v(-212).
-645
Let x(f) = -f**2 + 18760*f + 413201. Calculate x(-22).
-3
Let k(v) = -5*v**2 - 10*v - 86. Calculate k(-20).
-1886
Let s(p) = p**2 - 263*p - 4222. Determine s(-15).
-52
Let x(t) = -t**3 - 497*t**2 - 1973*t - 586. Determine x(-493).
-93
Let k(u) = -u**3 + 133*u**2 - 2546*u + 1804. Calculate k(110).
44
Let j(v) = 2*v**3 - 19*v**2 + 629*v - 7275. Determine j(11).
7
Let w(p) = -8*p**2 + 123*p - 486. Determine w(5).
-71
Let f(n) = 1025*n**2 + 13328*n + 45. Calculate f(-13).
6
Let y(j) = -1440*j + 171292. Give y(119).
-68
Let d(l) = l**3 + 24*l**2 - 1653*l - 10543. Determine d(-6).
23
Let d(x) = 11854*x - 165943. Give d(14).
13
Let j(q) = 3*q**3 + 223*q**2 + 4022*q - 243. Calculate j(-31).
5
Let y(b) = 2860*b + 591951. What is y(-207)?
-69
Let w(l) = 631*l - 9037. What is w(13)?
-834
Let z(n) = -4*n**3 - 396*n**2 + 5323*n + 65. Determine z(12).
5
Let q(l) = -575*l - 60819. Give q(-106).
131
Let u(g) = 2700*g - 766849. What is u(284)?
-49
Let u(m) = -2*m**3 + 4362*m**2 + 8941*m - 456240. Calculate u(2183).
7
Let j(x) = x**2 + 659*x + 11758. Determine j(-19).
-402
Let p(b) = 2*b**3 - 743*b**2 + 8346*b - 23762. What is p(360)?
-2
Let r(k) = -k**2 - 27316*k - 273073. Determine r(-10).
-13
Let b(l) = 4*l**3 - 1455*l**2 - 515*l + 54941. Calculate b(364).
-23
Let f(v) = 17*v**2 - 553*v - 737. Give f(38).
2797
Let w(r) = 2195*r - 241758. Calculate w(110).
-308
Let o(x) = -315*x**2 - 51*x - 101. Calculate o(-3).
-2783
Let m(u) = -58*u - 4538. Give m(-67).
-652
Let i(c) = c**2 + 5762*c + 245858. Determine i(-43).
-59
Let m(q) = 4*q**3 - 253*q**2 + 2563*q + 11257. Give m(49).
-13
Let i(j) = -1562*j - 319921. Give i(-205).
289
Let n(g) = 27*g**3 - 138*g**2 + 278*g - 1331. Calculate n(5).
-16
Let o(t) = -50*t - 3923. What is o(-80)?
77
Let v(k) = k**3 + 10*k**2 + 293*k + 4415. What is v(-13)?
99
Let w(s) = 13*s**3 + 1577*s**2 - 1616*s + 41. Give w(1).
15
Let p(b) = -b**3 + 35*b**2 - 327*b + 2510. Determine p(26).
92
Let c(p) = 11*p**2 - 111*p - 2230. Calculate c(-17).
2836
Let x(s) = 291*s - 1152. Determine x(4).
12
Let s(g) = -773*g + 54904. Calculate s(71).
21
Let i(n) = n**3 + 21*n - 5. What is i(0)?
-5
Let g(l) = -l**2 + 66*l + 23187. What is g(-123)?
-60
Let l(j) = -6318*j - 455157. Determine l(-72).
-261
Let y(x) = -6444*x + 1533664. Determine y(238).
-8
Let w(t) = -906*t - 215597. What is w(-238)?
31
Let c(h) = h**3 + 462*h**2 - 11164*h - 14. What is c(23)?
-221
Let x(p) = -2*p**2 - 6*p + 816. Determine x(18).
60
Let u(x) = 2*x**3 + 843*x**2 - 12642*x + 883. Calculate u(-436).
11
Let z(d) = 3*d**3 - 417*d**2 + 3878*d - 86. Determine z(10).
-6
Let k(n) = -161*n**2 + 80*n - 160. Give k(2).
-644
Let s(o) = o**3 + 43*o**2 + 145*o - 2854. Determine s(-37).
-5
Let k(h) = 31337*h + 564060. Calculate k(-18).
-6
Let y(q) = -q**2 + 90*q + 22816. What is y(203)?
-123
Let o(n) = 472*n**2 - 8946*n - 198. Determine o(19).
220
Let u(a) = 28*a**2 + 137*a + 53. Determine u(-8).
749
Let b(d) = -d**3 + 160*d**2 - 4372*d - 58. Give b(35).
47
Let q(y) = -7*y**2 - 14105*y - 4754654. What is q(-1587)?
-2
Let f(i) = -62396*i - 312029. What is f(-5)?
-49
Let l(t) = 7*t**3 + 1151*t**2 - 3516*t - 3. Calculate l(3).
-3
Let w(y) = 161*y**2 + 10345*y + 2633. What is w(-64)?
9
Let w(a) = 28810*a + 115256. Give w(-4).
16
Let w(l) = -l**2 - 165*l - 5136. What is w(-36)?
-492
Let o(h) = 16040*h - 753886. Give o(47).
-6
Let j(g) = -2878*g + 319383. Give j(111).
-75
Let o(h) = 2078*h + 122545. Determine o(-59).
-57
Let a(z) = 2*z**2 + 2076*z + 54617. Calculate a(-27).
23
Let j(y) = -y**3 - 86*y**2 + 2211*y - 1969. Give j(20).
-149
Let l(z) = -4*z**3 - 23*z**2 + 3988*z + 32042. What is l(-8)?
714
Let c(n) = -98*n**3 + 1070*n**2 + 89*n + 9. Give c(11).
20
Let o(p) = p**2 - 96*p + 1694. Give o(71).
-81
Let p(a) = 3972*a**2 - 83571*a + 3337. Calculate p(21).
-2
Let y(g) = g**3 - 76*g**2 + 35*g - 2629. What is y(76)?
31
Let o(x) = 40*x**2 - 1321*x + 2509. Give o(31).
-2
Let g(r) = -2*r**3 + 19*r**2 + 304*r - 2606. Calculate g(8).
18
Let k(r) = 1696*r - 33881. Calculate k(20).
39
Let u(g) = 92*g**2 + 3901*g - 253. Calculate u(-44).
6215
Let m(j) = -304*j**2 + 18*j - 86. Calculate m(3).
-2768
Let p(z) = 201*z**2 - 7*z + 311. Determine p(0).
311
Let r(z) = -2*z**3 + 76*z**2 + 2013*z - 45. Determine r(56).
-213
Let o(s) = -s**2 + 384*s - 27535. What is o(283)?
1048
Let i(p) = 5*p**2 - 859*p - 861. What is i(-1)?
3
Let s(t) = 5*t**3 - 1225*t**2 + 1222*t - 703. Determine s(244).
-215
Let r(u) = u**3 - 16*u**2 - 243*u + 3037. Give r(10).
7
Let l(f) = -f**3 + 24*f**2 + 394*f - 311. Calculate l(-12).
145
Let r(d) = -18*d**3 - 89*d**2 + 147*d + 707. Determine r(-5).
-3
Let p(c) = -4*c**3 - 133*c**2 - 42*c - 305. What is p(-33)?
-8
Let q(k) = 194*k + 2747. Give q(-20).
-1133
Let a(o) = 174*o**2 + 3475*o + 384. Calculate a(-20).
484
Let k(d) = -2*d**2 - 456*d + 112. Give k(0).
112
Let f(q) = -1311*q + 125863. Calculate f(96).
7
Let u(j) = 1808*j - 150062. Determine u(83).
2
Let f(o) = -65056*o - 845731. What is f(-13)?
-3
Let n(z) = -6*z**3 + 16*z**2 + 86*z - 255. What is n(3)?
-15
Let l(g) = -9953*g + 63948. Calculate l(7).
-5723
Let g(j) = 3744*j - 1617418. Give g(432).
-10
Let t(l) = 574*l + 171035. Calculate t(-298).
-17
Let v(m) = -m**3 - 84*m**2 + 268*m + 569. Give v(-87).
-40
Let a(m) = 40*m**2 - 855*m + 12. Calculate a(21).
-303
Let r(b) = 719*b - 5207. Give r(7).
-174
Let s(k) = -4*k**3 + 241*k**2 + 186*k - 183. Calculate s(61).
0
Let q(n) = -n**2 + 227*n - 3807. Determine q(17).
-237
Let n(b) = -b**3 - 34*b**2 + 6110*b + 8. Determine n(-97).
105
Let l(j) = j**3 - 111*j**2 - 696*j - 174. Give l(117).
528
Let w(r) = -295644*r - 295666. What is w(-1)?
-22
Let h(p) = 1244*p**2 + 598353*p - 5286. What is h(-481)?
5
Let b(a) = 15*a**2 + 889*a + 6932. Determine b(-49).
-614
Let h(x) = -10*x**2 - 612*x + 708. Determine h(-66).
-2460
Let h(b) = 1420*b + 9867. Determine h(-8).
-1493
Let f(s) = 2*s**3 + 33*s**2 + 60*s - 1. Give f(-17).
-1310
Let z(v) = v**3 + 614*v**2 - 48635*v + 7. Give z(71).
7
Let q(m) = 2*m**3 - 71*m**2 - 658*m + 1116. What is q(43)?
557
Let r(s) = 45*s**2 + 88*s - 140. Determine r(-3).
1
Let y(b) = 18*b**2 + 724*b + 5393. Give y(-10).
-47
Let c(j) = -1666*j - 12422. Calculate c(-7).
-760
Let w(z) = 7*z**3 - 827*z**2 + 134*z - 1748. What is w(118)?
140
Let d(u) = 25*u**3 - 7*u**2 - 245*u + 500. What is d(2)?
182
Let i(z) = -z**3 - 87*z**2 + 93*z - 15909. What is i(-90)?
21
Let d(l) = -1525*l + 4132. Calculate d(3).
-443
Let i(h) = -h**2 + 559*h - 10238. Give i(540).
22
Let z(d) = -16664*d + 83339. What is z(5)?
19
Let w(j) = -j**2 + 214*j - 8852. What is w(72)?
1372
Let s(z) = -z**3 - 37*z**2 + 210*z + 11866. Determine s(-32).
26
Let h(o) = -306*o + 2442. What is h(8)?
-6
Let p(q) = -15*q**2 + 252*q - 961. What is p(11)?
-4
Let g(b) = 13*b**2 - 303*b + 1100. What is g(16)?
-420
Let n(j) = 51*j**2 + 6*j - 39. Calculate n(2).
177
Let u(v) = -3*v**2 + 2055*v + 161043. What is u(-71)?
15
Let y(r) = 22582*r + 293570. Calculate y(-13).
4
Let j(h) = 323*h**2 - 8723*h - 7. Determine j(27).
-61
Let b(g) = -2*g**2 + 13652*g + 3920307. Calculate b(-276).
3
Let c(u) = -2*u**3 + 57*u**2 + 180*u + 548. What is c(31)?
1323
Let g(k) = -998275*k - 1996543. Calculate g(-2).
7
Let z(c) = -3*c**3 - 40*c**2 + 76*c + 1213. Calculate z(-13).
56
Let x(f) = f**3 + 200*f**2 + 1695*f - 94. Calculate x(-9).
122
Let n(j) = -1430*j + 1707. Determine n(2).
-1153
Let i(q) = -495*q**3 - 7*q**2 + 11*q + 55. Give i(-2).
3965
Let l(c) = -c**3 - 178*c**2 + 11